*2 + i + 21. Is r(16) composite?
True
Let p be (-1092 + -1)/((-1)/3). Let u = p - 4617. Is 3/(-15) + u/(-15) a prime number?
True
Suppose -j + 70 - 24 = 0. Let f = j + 206. Suppose -260 = -4*y + 2*i, 6*y = 2*y + 4*i + f. Is y a prime number?
True
Suppose 2*t - 7*t - 125 = 0. Let p = -114 + t. Let z = p - -324. Is z prime?
False
Suppose -f + 0*f - 13 = 5*c, -f - 2*c = 4. Suppose -58 = -f*n - 3*p, 33 = 2*n - p - 9. Is n composite?
False
Suppose -j - 715 = -5586. Is j a prime number?
True
Suppose 5*y + l - 5*l = -14, -4*y - l = 7. Is y/(-4) + (-2286)/(-12) prime?
True
Let c(z) = 5*z**2 - 1. Let v be (15/5 - 2) + -2. Let g be c(v). Suppose -g*t - 3*y = -219, 4 + 11 = -5*y. Is t prime?
False
Suppose 4*a - 4599 - 5989 = 0. Is a composite?
False
Let f(v) = -10 + 27*v**2 - 6 - 10*v + 7*v**2 - 15. Is f(9) a prime number?
True
Suppose -5*x - 15 = 0, 10*q + 5*x - 1058 = 9*q. Is q prime?
False
Is (58340/30)/(4/6) a prime number?
True
Suppose 4*x - 8 = 4. Suppose -2*h - 15 = x*h. Is (h + 1372/8)*2 a prime number?
True
Let p(l) = -l + 12. Let t be p(3). Let u(f) = f**3 - 7*f**2 + 4*f + 11. Is u(t) prime?
False
Suppose 48824 + 171447 = 23*f. Is f composite?
True
Suppose -68 + 158 = 5*i. Suppose i*t - 370 = 8*t. Is t prime?
True
Suppose -6*j = -12596 - 10306. Is j a composite number?
True
Let k(b) be the second derivative of 33*b**3/2 - 61*b**2/2 - b. Is k(26) a prime number?
False
Let w be 0 + (-2)/2 - -8. Let q = -1 + w. Suppose q = 2*c, 2*a - 656 + 145 = -3*c. Is a a composite number?
False
Is (5 - 12)/35 + 33292/10 composite?
False
Suppose 0 = 2*i - 5*p - 29424, -19*i - 2*p = -20*i + 14713. Is i a composite number?
False
Let d(b) = -b**2 + 4*b - 45. Let a(f) = f**2 - 3*f + 45. Let o(l) = 4*a(l) + 3*d(l). Is o(28) a composite number?
False
Let h(o) = o - 1. Let w be h(5). Suppose -w*d = 8 + 8, 0 = 5*k - 5*d - 835. Is k composite?
False
Suppose -10 = 3*n - n. Is 10/(n/170*-4) composite?
True
Let c = 0 + 3. Suppose -2*s + 14 = c*s + 3*o, -2*o = -5*s - 1. Is 238/4*(s + 1) composite?
True
Let f be (36/24)/((-2)/8). Is (-2)/(-12) + (-2273)/f prime?
True
Suppose -4*y = -5*j + 226281, 3*y + 90511 = -10*j + 12*j. Is j a composite number?
True
Suppose -4*z - 4*t + 18808 = 0, -3*t - 424 - 8985 = -2*z. Is z composite?
False
Suppose -47*s - 21*s + 1758956 = 0. Is s composite?
False
Let l = 19 + -12. Suppose -4*r = -l*r - 5*w + 1862, r - 609 = -4*w. Is r prime?
False
Let y = -4763 + 3392. Let w = y + 2968. Is w composite?
False
Let a(n) be the second derivative of -n**5/20 + n**4/6 - 11*n**3/6 - 15*n**2/2 - 29*n. Is a(-6) a prime number?
False
Suppose -2*g - 28 = 5*t, 0 = -2*t + 4*t + 4*g + 8. Suppose 4*w - 31 = 29. Let o = t + w. Is o a composite number?
True
Is -4 + -1 - 335*108/(-3) a composite number?
True
Let t(w) = 87*w - 16. Let y be t(9). Suppose m - y - 1012 = 0. Is m a prime number?
False
Suppose -4*y - j + 262 = 0, 2*y - 140 = -2*j + 6*j. Let w(l) = -l**2 + 35. Let c be w(0). Let p = y - c. Is p prime?
True
Suppose 0 = 12*d - 125616 + 18540. Is d a composite number?
False
Let n(l) = 2*l + 18. Let u be n(-8). Suppose -u*y + y + 127 = 0. Is y prime?
True
Suppose 121*c = 116*c + 9505. Is c composite?
False
Suppose -3 = 2*g - 13. Suppose -2*q = 5*t + 671 - 6845, -g*t = -3*q - 6164. Is t a prime number?
False
Let x(j) = 211*j**2 + 4*j - 10. Let d be x(-4). Suppose 3*w - a = 2515, -3*a + 6*a + d = 4*w. Is w prime?
True
Let w(i) = -i**2 + 2*i + 6. Let n be w(3). Suppose -n = 3*o, -2*p + 3*o - 547 = -4412. Is p prime?
True
Let v be 604/68 - 4/(-34). Suppose -a = 4*o - 0 + v, -o = -4*a + 15. Suppose -3*r + r + 2*w = -334, w = a*r - 493. Is r a composite number?
False
Suppose 25864 + 51623 = 4*h - s, -58114 = -3*h + s. Is h a prime number?
True
Let a(y) = y + 1. Let x be -1 + (3 - (-3 + 4)). Let b(q) = 41*q**2 + 5*q + 7. Let c(m) = x*b(m) - 6*a(m). Is c(2) prime?
True
Suppose -4*z - 3*j - 10 = 0, 2*z - 3*z - 10 = -3*j. Is 4*(-1 - 267/z) a composite number?
False
Let x(z) = z + 7. Let n be x(-4). Suppose -3*f + w = -534, 2*f + 6*w - 356 = n*w. Suppose f - 512 = -2*k. Is k a composite number?
False
Let l(r) = -18*r - 8. Let d be l(-7). Let j = d - 63. Let n = j + 27. Is n a prime number?
False
Suppose 5*x - 7842 = 11693. Is x prime?
True
Let a = 119 - -554. Suppose c + 2*c - 3437 = -5*y, y - 3*c - a = 0. Is y a composite number?
True
Let c be 2 - (-92)/(-4)*-2. Let x = 5 + c. Is x prime?
True
Suppose -41 = -12*n + 19. Let s(g) = 7*g + 9. Let o(f) = -f - 1. Let y(t) = 5*o(t) + s(t). Is y(n) a prime number?
False
Suppose 17*f + 25*f - 712782 = 0. Is f prime?
False
Suppose 7*g - 120 = 2*g. Suppose -2*x + g = 3*c + 2*x, 5 = -c + 3*x. Suppose 0 = -c*k + 155 + 1. Is k prime?
False
Suppose -5*h + 2214 = 4*i - 13, 12 = 4*h. Is i composite?
True
Suppose 4*z - 432 = -0*z. Suppose -30 - 18 = -16*q. Suppose l + 3*g - 38 = 2*g, -z = -q*l - g. Is l a composite number?
True
Let j be 2 + -5*108/4. Let l = j + 200. Is l composite?
False
Let m = -5 + -75. Let d(l) = -4*l**3 + 7*l**2 + l + 7. Let k be d(5). Let s = m - k. Is s a prime number?
True
Suppose 2*x + 5*l - 4 + 3 = 0, 4*x - 8 = -4*l. Suppose 3*p - 4*m - 16 = 0, -5*m - 8 = 5*p - x*m. Suppose p = 3*z - 331 - 2306. Is z a composite number?
True
Suppose 0 = c - 2*c + 1868. Suppose -c - 2442 = -5*k. Is k prime?
False
Let x be 0 + (-4)/(-8) + (-24677)/(-2). Suppose 4*v + x - 31879 = 0. Is v composite?
True
Let i be (-2 - (1 + 3))/(-2). Suppose 12 + i = 5*y. Suppose -y*u - 347 = -1970. Is u a prime number?
True
Suppose -2*f = 2*t + 172, -187 = 3*f + 5*t + 61. Let b = -33 - f. Is b composite?
True
Suppose 0 = -f - f, 5*f = -o + 11. Let q = 6 - 3. Suppose q*a = 2*a + o. Is a composite?
False
Let y = -19 - 103. Let v = 16 - y. Suppose 0 = -5*r + v + 977. Is r prime?
True
Suppose 0 = 4*s - 20*s + 58224. Is s a composite number?
True
Let h(f) = -2*f**3 - 53*f**2 + 20*f - 68. Is h(-37) a composite number?
False
Let s(h) = 22*h - 34. Is s(14) a composite number?
True
Suppose 34385 = 3*v + r + r, 0 = 4*v - r - 45843. Is v a prime number?
False
Let t(v) = -2*v**3 + v**2 + v + 5669. Is t(0) a prime number?
True
Let d(l) = l**3 - 9*l**2 - 11*l + 14. Let h be d(10). Suppose 0 = h*t - 5*t - 5. Let f = 19 + t. Is f a composite number?
True
Let d(w) = 294*w - 115. Is d(4) a composite number?
False
Suppose 5*s + 31508 = -3*k, 0*s - k = s + 6300. Let t = -3563 - s. Is t a prime number?
True
Suppose 4*m = -3*r - 4, -3*r = 5*m + 3 + 2. Let s(a) = -57*a - 18 + 25*a + 17. Is s(m) composite?
False
Let o(c) = c + 727. Let a be o(0). Let g = a + 195. Is g a composite number?
True
Let k(t) be the third derivative of -t**6/120 + t**5/15 + t**4/3 - t**2. Let h be k(6). Is ((-79)/(-2))/((-4)/h) prime?
False
Suppose -2*c + 3*x = 9, -5*c - 65 = 2*x - 14. Let g = -12 - c. Is (-610)/(-30) + (-2)/g a composite number?
True
Let c(o) = o**3 + 9*o**2 - 13*o + 3. Let g be c(-10). Let x = 37 - g. Suppose 0 = -x*u + 7*u - 2967. Is u a prime number?
False
Suppose -5*p = 0, p - 3830 = -5*j - 0*p. Is j prime?
False
Suppose 2*u + 2*q - 78 = 0, 28 = 5*u - q - 149. Suppose 0 = -g + u - 2. Is g composite?
True
Let x(f) = 14*f - 25. Let p = -9 - -24. Is x(p) a composite number?
True
Let n = 0 - 2. Is (-4 - n - -1)*-155 prime?
False
Let j(p) = -46*p + 5. Suppose 0 = w - 0 - 1. Let v(u) = -u - 1. Let d(y) = w*j(y) + 3*v(y). Is d(-3) a prime number?
True
Suppose -f - 4*h = -4775, -3*f = -f - 3*h - 9572. Is f a composite number?
False
Let j(t) = -t**2 + 3*t + 5. Let b be j(5). Let i = 46 - b. Is i a prime number?
False
Let y be ((-1)/(-3))/((-4)/36). Let o be (y + (14 - 0))*38. Let t = o + 67. Is t prime?
False
Let f(b) = -10*b + 1. Let d be f(1). Let w be (-10)/(-6) + 11427/d. Is (-48)/80 - w/5 a prime number?
False
Let w(y) = -y**2 + 14*y - 7. Suppose 0 = -0*z - z + 10. Let l be w(z). Is 4/22 + 2733/l a prime number?
True
Let z(q) = q**3 - 2*q**2 - 3*q + 3. Let i(l) = -3*l**3 + 6*l**2 + 9*l - 10. Let s(w) = 4*i(w) + 11*z(w). Let a be s(-8). Let o = 1472 - a. Is o prime?
True
Let w = -287 - -160. Is w*(3 + (-12)/3) composite?
False
Let v = -33 + 38. Suppose v*t - 1118 = -3*s, -2*t + 222 = -5*s - 219. Is t a composite number?
False
Let l be (64/6)/(6/9). Is 0 + 135 - (20 - l) a prime number?
True
Is 131/5*215/43 composite?
False
Let o(f) = f**2. Let p be o(2). Let a(v) = -1 + 22*v